f 63756802 and 745.
149
What is the greatest common factor of 93302 and 1760?
22
What is the highest common divisor of 57820 and 766528?
1652
Calculate the highest common factor of 48 and 27827136.
48
Calculate the greatest common factor of 212220616 and 8.
8
What is the highest common divisor of 590 and 1121053395?
295
Calculate the highest common divisor of 6 and 339630387.
3
Calculate the highest common divisor of 50925896 and 35329.
343
Calculate the highest common factor of 234 and 58726746.
234
Calculate the greatest common divisor of 7860 and 4631636.
524
What is the greatest common divisor of 9532 and 109732?
4
What is the greatest common factor of 16910 and 260110?
190
Calculate the greatest common divisor of 3146 and 737282.
26
What is the highest common factor of 9152 and 913484?
572
Calculate the highest common factor of 16822 and 27053.
13
Calculate the greatest common divisor of 1490 and 40834642.
298
Calculate the greatest common factor of 3633 and 19194.
21
What is the greatest common factor of 2453075 and 2475?
25
Calculate the highest common divisor of 83400094 and 7602.
362
What is the highest common divisor of 1529643 and 10?
1
What is the greatest common divisor of 600 and 6409450?
50
Calculate the greatest common divisor of 2490 and 72028230.
2490
Calculate the highest common divisor of 29187 and 39813.
69
Calculate the greatest common factor of 167 and 9561585.
167
What is the greatest common divisor of 322121 and 68665?
31
What is the greatest common factor of 2906 and 281202?
2
Calculate the greatest common factor of 29 and 243249564.
29
What is the greatest common factor of 132 and 1324476?
12
Calculate the highest common divisor of 2408 and 115928.
344
Calculate the highest common factor of 4832 and 514457.
151
What is the highest common factor of 229801342 and 28615?
5723
Calculate the greatest common divisor of 6864 and 621303540.
1716
Calculate the greatest common factor of 90311643 and 369.
369
What is the highest common divisor of 2697588 and 19788?
12
What is the highest common factor of 407272595 and 2630?
1315
What is the highest common factor of 127966110 and 600?
30
Calculate the greatest common divisor of 91034890 and 570.
190
What is the greatest common divisor of 283185910 and 28?
14
What is the greatest common divisor of 119151144 and 196?
196
Calculate the highest common factor of 198 and 500418.
18
What is the greatest common divisor of 14541216 and 9888?
96
Calculate the greatest common factor of 4672 and 140736.
64
Calculate the highest common divisor of 52 and 31468372.
52
Calculate the highest common divisor of 63243 and 141277835.
7027
Calculate the greatest common divisor of 4455 and 101013.
33
What is the highest common factor of 1131067 and 166747?
2009
What is the greatest common factor of 27999 and 89914?
61
What is the greatest common factor of 206556354 and 614?
614
What is the highest common divisor of 24644 and 344284?
244
Calculate the highest common factor of 2472 and 15865914.
618
What is the greatest common divisor of 873992 and 8120?
56
Calculate the greatest common factor of 187 and 130075.
11
Calculate the greatest common divisor of 10564 and 177308.
76
What is the greatest common divisor of 891 and 16839?
9
Calculate the greatest common factor of 49 and 7082201.
7
Calculate the highest common divisor of 23821 and 23429.
7
Calculate the greatest common divisor of 261622547 and 93.
31
What is the greatest common factor of 683372 and 892?
4
What is the greatest common factor of 4924 and 258347508?
4924
Calculate the greatest common divisor of 114733 and 7531.
17
Calculate the greatest common factor of 13542157 and 27448.
3431
Calculate the highest common factor of 54 and 16051338.
54
Calculate the greatest common divisor of 68 and 41546844.
68
Calculate the greatest common factor of 21570 and 1203330.
30
What is the greatest common divisor of 70682 and 576238?
1198
What is the highest common factor of 9526966 and 118?
118
What is the greatest common factor of 1260942 and 9?
3
What is the highest common divisor of 14 and 5488310?
2
What is the highest common factor of 70 and 50138320?
10
Calculate the highest common divisor of 7593 and 74515171.
2531
Calculate the highest common divisor of 368631 and 52029.
1107
What is the highest common factor of 2052 and 2448739?
19
What is the highest common divisor of 1344 and 2088912?
336
Calculate the highest common factor of 70250761 and 1323.
49
What is the greatest common factor of 2018898 and 57225?
2289
Calculate the highest common factor of 4060 and 37327843.
203
Calculate the highest common factor of 108 and 132473772.
108
What is the greatest common factor of 18720 and 110070?
90
What is the greatest common factor of 2475805 and 10?
5
Calculate the greatest common divisor of 701337 and 1712789.
4771
Calculate the highest common factor of 3732 and 17318628.
12
Calculate the greatest common factor of 216576 and 3807.
423
Calculate the greatest common factor of 20673030 and 70.
70
Calculate the highest common factor of 19824288 and 9216.
96
Calculate the greatest common divisor of 4509351 and 132.
33
What is the greatest common divisor of 301104 and 122754?
246
What is the greatest common factor of 2476843 and 5203?
43
Calculate the greatest common factor of 5816660 and 55.
5
Calculate the greatest common factor of 3992532 and 648.
12
Calculate the highest common factor of 11697 and 1457738625.
11697
Calculate the greatest common divisor of 51857 and 4381.
13
What is the greatest common divisor of 30914775 and 720?
45
What is the greatest common divisor of 140 and 13984810?
70
What is the greatest common divisor of 1914 and 100657898?
638
Calculate the highest common divisor of 36 and 8269572.
12
What is the highest common divisor of 9004763 and 162752?
2543
What is the highest common factor of 3 and 33398013?
3
Calculate the highest common divisor of 127676582 and 6226.
6226
What is the greatest common factor of 34405152 and 443?
443
What is the greatest common divisor of 530944 and 1152?
128
What is the greatest common divisor of 47004050 and 18025?
2575
What is the highest common divisor of 3003 and 45864?
273
What is the highest common factor of 5669890 and 82?
82
Calculate the greatest common factor of 12 and 5210160.
12
Calculate the greatest common factor of 75635 and 1075.
5
What is the greatest common factor of 8350 and 16790?
10
What is the highest common divisor of 4465303 and 1461?
487
What is the highest common factor of 2334825 and 31275?
225
Calculate the highest common factor of 79870775 and 475.
475
Calculate the greatest common factor of 1098155 and 235.
235
Calculate the greatest common divisor of 282112 and 529792.
128
Calculate the highest common factor of 9706385 and 2655.
295
Calculate the greatest common divisor of 213 and 48454092.
213
What is the highest common divisor of 2200 and 210161050?
550
What is the greatest common factor of 562725 and 1172725?
1525
Calculate the highest common divisor of 183414 and 51534.
42
What is the greatest common divisor of 51 and 190077?
51
Calculate the greatest common divisor of 82749 and 18174.
3
Calculate the greatest common factor of 18054 and 267138.
306
What is the highest common factor of 23422 and 776398?
14
What is the highest common divisor of 38090 and 978120?
130
Calculate the highest common factor of 207845 and 35365.
55
Calculate the greatest common divisor of 13397805 and 25.
5
Calculate the greatest common divisor of 4310040 and 68169.
2199
What is the highest common factor of 29650475 and 50?
25
Calculate the greatest common divisor of 464 and 133701368.
232
What is the highest common divisor of 6004 and 91067?
19
What is the greatest common factor of 226603 and 302042?
13
Calculate the highest common divisor of 117632105 and 5895.
655
Calculate the highest common factor of 381500 and 510.
10
Calculate the highest common divisor of 1421 and 788378108.
203
Calculate the highest common factor of 10439 and 1378751.
803
What is the highest common divisor of 3773174 and 2931?
977
Calculate the greatest common factor of 21558985 and 280.
35
Calculate the highest common divisor of 22155976 and 923.
71
What is the highest common divisor of 30 and 3020505?
15
Calcula